{"id":451,"date":"2026-02-19T17:29:10","date_gmt":"2026-02-19T16:29:10","guid":{"rendered":"https:\/\/esfericapruebas.site\/?page_id=451"},"modified":"2026-02-19T18:01:27","modified_gmt":"2026-02-19T17:01:27","slug":"quienes-somos","status":"publish","type":"page","link":"https:\/\/esfericapruebas.site\/index.php\/quienes-somos\/","title":{"rendered":"Qui\u00e9nes Somos"},"content":{"rendered":"\n<div class=\"wp-block-cover alignfull\" style=\"box-shadow:var(--wp--preset--shadow--natural);min-height:321px;aspect-ratio:unset;\"><img loading=\"lazy\" decoding=\"async\" width=\"1920\" height=\"1080\" class=\"wp-block-cover__image-background wp-image-208 size-full\" alt=\"\" src=\"https:\/\/esfericapruebas.site\/wp-content\/uploads\/2026\/02\/Swing-Legal-Home-1.png\" style=\"object-position:24% 89%\" data-object-fit=\"cover\" data-object-position=\"24% 89%\" srcset=\"https:\/\/esfericapruebas.site\/wp-content\/uploads\/2026\/02\/Swing-Legal-Home-1.png 1920w, https:\/\/esfericapruebas.site\/wp-content\/uploads\/2026\/02\/Swing-Legal-Home-1-300x169.png 300w, https:\/\/esfericapruebas.site\/wp-content\/uploads\/2026\/02\/Swing-Legal-Home-1-1024x576.png 1024w, https:\/\/esfericapruebas.site\/wp-content\/uploads\/2026\/02\/Swing-Legal-Home-1-768x432.png 768w, https:\/\/esfericapruebas.site\/wp-content\/uploads\/2026\/02\/Swing-Legal-Home-1-1536x864.png 1536w\" sizes=\"auto, (max-width: 1920px) 100vw, 1920px\" \/><span aria-hidden=\"true\" class=\"wp-block-cover__background has-ast-global-color-8-background-color has-background-dim-70 has-background-dim\"><\/span><div class=\"wp-block-cover__inner-container is-layout-constrained wp-block-cover-is-layout-constrained\">\n<hr class=\"wp-block-separator has-text-color has-alpha-channel-opacity has-background\" style=\"background-color:#ffffff00;color:#ffffff00\"\/>\n\n\n\n<p class=\"has-text-align-center has-ast-global-color-5-color has-text-color has-link-color wp-elements-cc16d619f761cf867194ba539cf974c0\" style=\"font-size:27px\">Qui\u00e9nes Somos<\/p>\n<\/div><\/div>\n\n\n\n<hr class=\"wp-block-separator has-text-color has-ast-global-color-5-color has-alpha-channel-opacity has-ast-global-color-5-background-color has-background\"\/>\n\n\n\n<h2 class=\"wp-block-heading has-text-align-center\" style=\"font-size:26px\">Rigor jur\u00eddico, visi\u00f3n estrat\u00e9gica y trato directo.<\/h2>\n\n\n\n<p class=\"has-text-align-center has-ast-global-color-2-color has-text-color has-link-color wp-elements-3cf73dde81a33526ed15bb308a088727\">Swing Legal nace con la vocaci\u00f3n de ofrecer un asesoramiento jur\u00eddico especializado, orientado a empresas, inversores y particulares que requieren un an\u00e1lisis t\u00e9cnico preciso y una gesti\u00f3n estrat\u00e9gica de sus asuntos legales.<\/p>\n\n\n\n<p class=\"has-text-align-center has-ast-global-color-2-color has-text-color has-link-color wp-elements-58f796913fe264ada9de25e842fea105\">El despacho se estructura como una firma boutique, caracterizada por la implicaci\u00f3n directa en cada asunto y por una atenci\u00f3n personalizada, donde cada cliente recibe un an\u00e1lisis individualizado adaptado a la naturaleza y complejidad de su situaci\u00f3n.<\/p>\n\n\n\n<hr class=\"wp-block-separator has-text-color has-ast-global-color-5-color has-alpha-channel-opacity has-ast-global-color-5-background-color has-background\"\/>\n\n\n\n<hr class=\"wp-block-separator has-text-color has-ast-global-color-5-color has-alpha-channel-opacity has-ast-global-color-5-background-color has-background\"\/>\n\n\n\n<div class=\"wp-block-cover alignfull\" style=\"min-height:133px;aspect-ratio:unset;\"><span aria-hidden=\"true\" class=\"wp-block-cover__background has-ast-global-color-0-background-color has-background-dim-100 has-background-dim\"><\/span><div class=\"wp-block-cover__inner-container is-layout-constrained wp-block-cover-is-layout-constrained\">\n<h4 class=\"wp-block-heading has-text-align-center has-ast-global-color-5-color has-text-color has-link-color wp-elements-24701bbc651a91b54ca43f3b2f2d24d3\"><strong>Nuestros Pilares<\/strong><\/h4>\n\n\n\n<div class=\"wp-block-columns is-layout-flex wp-container-core-columns-is-layout-28f84493 wp-block-columns-is-layout-flex\">\n<div class=\"wp-block-column is-layout-flow wp-block-column-is-layout-flow\">\n<div class=\"wp-block-cover\" style=\"padding-top:var(--wp--preset--spacing--40);padding-right:var(--wp--preset--spacing--70);padding-bottom:var(--wp--preset--spacing--40);padding-left:var(--wp--preset--spacing--70)\"><span aria-hidden=\"true\" class=\"wp-block-cover__background has-ast-global-color-7-background-color has-background-dim-100 has-background-dim\"><\/span><div class=\"wp-block-cover__inner-container is-layout-constrained wp-container-core-cover-is-layout-784a02d3 wp-block-cover-is-layout-constrained\">\n<h4 class=\"wp-block-heading has-text-align-center has-ast-global-color-0-color has-text-color has-link-color wp-elements-d1932141506bbc7f6d732a2d425b1dd1\">Filosof\u00eda de trabajo<\/h4>\n\n\n\n<ul class=\"wp-block-list has-ast-global-color-3-color has-text-color has-link-color wp-elements-70f489712ac5945310bde5f0f4dd80dc\">\n<li><strong>Rigor t\u00e9cnico<\/strong>, en el an\u00e1lisis y aplicaci\u00f3n del marco legal.<\/li>\n\n\n\n<li><strong>Prevenci\u00f3n de riesgos<\/strong>, anticipando contingencias antes de que se materialicen.<\/li>\n\n\n\n<li><strong>Implicaci\u00f3n directa<\/strong>, garantizando supervisi\u00f3n personal en cada asunto.<\/li>\n<\/ul>\n<\/div><\/div>\n<\/div>\n\n\n\n<div class=\"wp-block-column is-layout-flow wp-block-column-is-layout-flow\">\n<div class=\"wp-block-cover\" style=\"padding-top:var(--wp--preset--spacing--40);padding-right:var(--wp--preset--spacing--70);padding-bottom:var(--wp--preset--spacing--40);padding-left:var(--wp--preset--spacing--70)\"><span aria-hidden=\"true\" class=\"wp-block-cover__background has-ast-global-color-7-background-color has-background-dim-100 has-background-dim\"><\/span><div class=\"wp-block-cover__inner-container is-layout-constrained wp-container-core-cover-is-layout-784a02d3 wp-block-cover-is-layout-constrained\">\n<h4 class=\"wp-block-heading has-text-align-center has-ast-global-color-0-color has-text-color has-link-color wp-elements-063c7f40a1fcc1e1a15dbcd83bbb69ea\">Enfoque<\/h4>\n\n\n\n<p class=\"has-ast-global-color-3-color has-text-color has-link-color wp-elements-f54b131310b05392e42152c259f1573d\">Cada operaci\u00f3n, conflicto o proyecto empresarial es evaluado de forma individualizada, evitando soluciones estandarizadas y priorizando estructuras eficientes y sostenibles a largo plazo.<\/p>\n\n\n\n<p class=\"has-ast-global-color-3-color has-text-color has-link-color wp-elements-6d76eaa99d814373a12f889684371c4f\">La confianza se construye a trav\u00e9s de la claridad, la transparencia y la solidez jur\u00eddica en cada intervenci\u00f3n.<\/p>\n<\/div><\/div>\n<\/div>\n<\/div>\n<\/div><\/div>\n\n\n\n<div class=\"wp-block-cover alignfull\"><span aria-hidden=\"true\" class=\"wp-block-cover__background has-ast-global-color-7-background-color has-background-dim-100 has-background-dim\"><\/span><div class=\"wp-block-cover__inner-container is-layout-constrained wp-block-cover-is-layout-constrained\">\n<p class=\"has-text-align-center has-large-font-size\">Nuestro equipo especializado<\/p>\n\n\n\n<div class=\"wp-block-columns is-layout-flex wp-container-core-columns-is-layout-28f84493 wp-block-columns-is-layout-flex\">\n<div class=\"wp-block-column is-layout-flow wp-block-column-is-layout-flow\">\n<figure class=\"wp-block-image aligncenter size-large is-resized is-style-rounded\"><img loading=\"lazy\" decoding=\"async\" width=\"1024\" height=\"1024\" src=\"https:\/\/esfericapruebas.site\/wp-content\/uploads\/2026\/02\/1-1-1024x1024.png\" alt=\"\" class=\"wp-image-145\" style=\"width:263px;height:auto\" srcset=\"https:\/\/esfericapruebas.site\/wp-content\/uploads\/2026\/02\/1-1-1024x1024.png 1024w, https:\/\/esfericapruebas.site\/wp-content\/uploads\/2026\/02\/1-1-300x300.png 300w, https:\/\/esfericapruebas.site\/wp-content\/uploads\/2026\/02\/1-1-150x150.png 150w, https:\/\/esfericapruebas.site\/wp-content\/uploads\/2026\/02\/1-1-768x768.png 768w, https:\/\/esfericapruebas.site\/wp-content\/uploads\/2026\/02\/1-1.png 1080w\" sizes=\"auto, (max-width: 1024px) 100vw, 1024px\" \/><\/figure>\n\n\n\n<h2 class=\"wp-block-heading has-text-align-center has-ast-global-color-0-color has-text-color has-link-color wp-elements-22c01ae30077532c8788ef460fbaca4e\" style=\"font-size:28px\">Carlos Castillo<\/h2>\n\n\n\n<p class=\"has-text-align-center\" style=\"margin-top:-2px;margin-bottom:-2px\">Fundador y Director \/ Derecho Civil<\/p>\n\n\n\n<div class=\"wp-block-buttons is-content-justification-center is-layout-flex wp-container-core-buttons-is-layout-a89b3969 wp-block-buttons-is-layout-flex\">\n<div class=\"wp-block-button\"><a class=\"wp-block-button__link has-medium-font-size has-text-align-center has-custom-font-size wp-element-button\" href=\"https:\/\/esfericapruebas.site\/index.php\/pagina-abogados\/\" style=\"font-style:normal;font-weight:300\">M\u00e1s informaci\u00f3n<\/a><\/div>\n<\/div>\n<\/div>\n\n\n\n<div class=\"wp-block-column is-layout-flow wp-block-column-is-layout-flow\">\n<figure class=\"wp-block-image aligncenter size-large is-resized is-style-rounded\"><img loading=\"lazy\" decoding=\"async\" width=\"1024\" height=\"1024\" src=\"https:\/\/esfericapruebas.site\/wp-content\/uploads\/2026\/02\/2-1-1024x1024.png\" alt=\"\" class=\"wp-image-146\" style=\"width:266px;height:auto\" srcset=\"https:\/\/esfericapruebas.site\/wp-content\/uploads\/2026\/02\/2-1-1024x1024.png 1024w, https:\/\/esfericapruebas.site\/wp-content\/uploads\/2026\/02\/2-1-300x300.png 300w, https:\/\/esfericapruebas.site\/wp-content\/uploads\/2026\/02\/2-1-150x150.png 150w, https:\/\/esfericapruebas.site\/wp-content\/uploads\/2026\/02\/2-1-768x768.png 768w, https:\/\/esfericapruebas.site\/wp-content\/uploads\/2026\/02\/2-1.png 1080w\" sizes=\"auto, (max-width: 1024px) 100vw, 1024px\" \/><\/figure>\n\n\n\n<h2 class=\"wp-block-heading has-text-align-center has-ast-global-color-0-color has-text-color has-link-color wp-elements-782df1a96daf5cc72d68f0f4b905234f\" style=\"font-size:28px\">Nombre<\/h2>\n\n\n\n<p class=\"has-text-align-center\" style=\"margin-top:-2px;margin-bottom:-2px\">\u00c1rea de trabajo<\/p>\n\n\n\n<div class=\"wp-block-buttons is-content-justification-center is-layout-flex wp-container-core-buttons-is-layout-a89b3969 wp-block-buttons-is-layout-flex\">\n<div class=\"wp-block-button\"><a class=\"wp-block-button__link has-medium-font-size has-text-align-center has-custom-font-size wp-element-button\" href=\"https:\/\/esfericapruebas.site\/index.php\/pagina-abogados\/\" style=\"font-style:normal;font-weight:300\">M\u00e1s informaci\u00f3n<\/a><\/div>\n<\/div>\n<\/div>\n\n\n\n<div class=\"wp-block-column is-layout-flow wp-block-column-is-layout-flow\">\n<figure class=\"wp-block-image aligncenter size-large is-resized is-style-rounded\"><img loading=\"lazy\" decoding=\"async\" width=\"1024\" height=\"1024\" src=\"https:\/\/esfericapruebas.site\/wp-content\/uploads\/2026\/02\/1-1-1024x1024.png\" alt=\"\" class=\"wp-image-145\" style=\"width:268px;height:auto\" srcset=\"https:\/\/esfericapruebas.site\/wp-content\/uploads\/2026\/02\/1-1-1024x1024.png 1024w, https:\/\/esfericapruebas.site\/wp-content\/uploads\/2026\/02\/1-1-300x300.png 300w, https:\/\/esfericapruebas.site\/wp-content\/uploads\/2026\/02\/1-1-150x150.png 150w, https:\/\/esfericapruebas.site\/wp-content\/uploads\/2026\/02\/1-1-768x768.png 768w, https:\/\/esfericapruebas.site\/wp-content\/uploads\/2026\/02\/1-1.png 1080w\" sizes=\"auto, (max-width: 1024px) 100vw, 1024px\" \/><\/figure>\n\n\n\n<h2 class=\"wp-block-heading has-text-align-center has-ast-global-color-0-color has-text-color has-link-color wp-elements-782df1a96daf5cc72d68f0f4b905234f\" style=\"font-size:28px\">Nombre<\/h2>\n\n\n\n<p class=\"has-text-align-center\" style=\"margin-top:-2px;margin-bottom:-2px\">\u00c1rea de trabajo<\/p>\n\n\n\n<div class=\"wp-block-buttons is-content-justification-center is-layout-flex wp-container-core-buttons-is-layout-a89b3969 wp-block-buttons-is-layout-flex\">\n<div class=\"wp-block-button\"><a class=\"wp-block-button__link has-medium-font-size has-text-align-center has-custom-font-size wp-element-button\" href=\"https:\/\/esfericapruebas.site\/index.php\/pagina-abogados\/\" style=\"font-style:normal;font-weight:300\">M\u00e1s informaci\u00f3n<\/a><\/div>\n<\/div>\n<\/div>\n<\/div>\n<\/div><\/div>\n\n\n\n<div class=\"wp-block-cover alignfull\" style=\"box-shadow:var(--wp--preset--shadow--natural)\"><span aria-hidden=\"true\" class=\"wp-block-cover__background has-ast-global-color-0-background-color has-background-dim-100 has-background-dim\"><\/span><div class=\"wp-block-cover__inner-container is-layout-constrained wp-block-cover-is-layout-constrained\">\n<h2 class=\"wp-block-heading has-text-align-center has-ast-global-color-5-color has-text-color has-link-color wp-elements-fcb1af9fa708ab7a7ed3f241850e0509\" style=\"margin-top:-25px;margin-bottom:-25px;font-size:30px\">\u00bfNecesitas m\u00e1s informaci\u00f3n?<\/h2>\n\n\n\n<p class=\"has-text-align-center has-ast-global-color-5-color has-text-color has-link-color wp-elements-46ec7daa7e4a15fdfd17db62ce781670\" style=\"font-size:25px\">Contacta con nosotros<\/p>\n\n\n<div class='fluentform ff-default fluentform_wrapper_1 ffs_default_wrap'><form data-form_id=\"1\" id=\"fluentform_1\" class=\"frm-fluent-form fluent_form_1 ff-el-form-top ff_form_instance_1_1 ff-form-loading ffs_default\" data-form_instance=\"ff_form_instance_1_1\" method=\"POST\" ><fieldset  style=\"border: none!important;margin: 0!important;padding: 0!important;background-color: transparent!important;box-shadow: none!important;outline: none!important; min-inline-size: 100%;\">\n                    <legend class=\"ff_screen_reader_title\" style=\"display: block; margin: 0!important;padding: 0!important;height: 0!important;text-indent: -999999px;width: 0!important;overflow:hidden;\">Contact Form Demo<\/legend><input type='hidden' name='__fluent_form_embded_post_id' value='451' \/><input type=\"hidden\" id=\"_fluentform_1_fluentformnonce\" name=\"_fluentform_1_fluentformnonce\" value=\"39d2577908\" \/><input type=\"hidden\" name=\"_wp_http_referer\" value=\"\/index.php\/wp-json\/wp\/v2\/pages\/451\" \/><div data-type=\"name-element\" data-name=\"names\" class=\" ff-field_container ff-name-field-wrapper\" ><div class='ff-t-container'><div class='ff-t-cell '><div class='ff-el-group'><div class='ff-el-input--content'><input type=\"text\" name=\"names[first_name]\" id=\"ff_1_names_first_name_\" class=\"ff-el-form-control\" placeholder=\"Nombre\" aria-invalid=\"false\" aria-required=true><\/div><\/div><\/div><div class='ff-t-cell '><div class='ff-el-group'><div class='ff-el-input--content'><input type=\"text\" name=\"names[last_name]\" id=\"ff_1_names_last_name_\" class=\"ff-el-form-control\" placeholder=\"Apellido\" aria-invalid=\"false\" aria-required=true><\/div><\/div><\/div><\/div><\/div><div class='ff-el-group'><div class='ff-el-input--content'><input type=\"email\" name=\"email\" id=\"ff_1_email\" class=\"ff-el-form-control\" placeholder=\"Tu email\" data-name=\"email\"  aria-invalid=\"false\" aria-required=true><\/div><\/div><div class='ff-el-group'><div class='ff-el-input--content'><textarea aria-required=\"true\" aria-labelledby=\"label_ff_1_message\" name=\"message\" id=\"ff_1_message\" class=\"ff-el-form-control\" placeholder=\"Tu mensaje\" rows=\"4\" cols=\"2\" data-name=\"message\" ><\/textarea><\/div><\/div><div class='ff-el-group ff-text-left ff_submit_btn_wrapper'><button type=\"submit\" class=\"ff-btn ff-btn-submit ff-btn-md ff_btn_style wpf_has_custom_css\"  aria-label=\"Env\u00edar\">Env\u00edar<\/button><\/div><\/fieldset><\/form><div id='fluentform_1_errors' class='ff-errors-in-stack ff_form_instance_1_1 ff-form-loading_errors ff_form_instance_1_1_errors'><\/div><\/div>            <script type=\"text\/javascript\">\n                window.fluent_form_ff_form_instance_1_1 = {\"id\":\"1\",\"settings\":{\"layout\":{\"labelPlacement\":\"top\",\"helpMessagePlacement\":\"with_label\",\"errorMessagePlacement\":\"inline\",\"cssClassName\":\"\",\"asteriskPlacement\":\"asterisk-right\"},\"restrictions\":{\"denyEmptySubmission\":{\"enabled\":false}}},\"form_instance\":\"ff_form_instance_1_1\",\"form_id_selector\":\"fluentform_1\",\"rules\":{\"names[first_name]\":{\"required\":{\"value\":true,\"message\":\"This field is required\",\"global\":false,\"global_message\":\"Este campo es obligatorio\"}},\"names[middle_name]\":{\"required\":{\"value\":false,\"message\":\"This field is required\",\"global\":false,\"global_message\":\"Este campo es obligatorio\"}},\"names[last_name]\":{\"required\":{\"value\":true,\"message\":\"This field is required\",\"global\":false,\"global_message\":\"Este campo es obligatorio\"}},\"email\":{\"required\":{\"value\":true,\"message\":\"This field is required\",\"global\":false,\"global_message\":\"Este campo es obligatorio\"},\"email\":{\"value\":true,\"message\":\"This field must contain a valid email\",\"global\":false,\"global_message\":\"Este campo debe contener un correo electr\\u00f3nico v\\u00e1lido\"}},\"message\":{\"required\":{\"value\":true,\"message\":\"This field is required\",\"global\":false,\"global_message\":\"Este campo es obligatorio\"}}},\"debounce_time\":300};\n                            <\/script>\n            \n<\/div><\/div>\n","protected":false},"excerpt":{"rendered":"<p>Rigor jur\u00eddico, visi\u00f3n estrat\u00e9gica y trato directo. Swing Legal nace con la vocaci\u00f3n de ofrecer un asesoramiento jur\u00eddico especializado, orientado [&hellip;]<\/p>\n","protected":false},"author":1,"featured_media":0,"parent":0,"menu_order":0,"comment_status":"closed","ping_status":"closed","template":"","meta":{"_uag_custom_page_level_css":"","site-sidebar-layout":"default","site-content-layout":"","ast-site-content-layout":"default","site-content-style":"default","site-sidebar-style":"default","ast-global-header-display":"","ast-banner-title-visibility":"","ast-main-header-display":"","ast-hfb-above-header-display":"","ast-hfb-below-header-display":"","ast-hfb-mobile-header-display":"","site-post-title":"disabled","ast-breadcrumbs-content":"","ast-featured-img":"","footer-sml-layout":"","ast-disable-related-posts":"","theme-transparent-header-meta":"","adv-header-id-meta":"","stick-header-meta":"","header-above-stick-meta":"","header-main-stick-meta":"","header-below-stick-meta":"","astra-migrate-meta-layouts":"default","ast-page-background-enabled":"default","ast-page-background-meta":{"desktop":{"background-color":"var(--ast-global-color-5)","background-image":"","background-repeat":"repeat","background-position":"center center","background-size":"auto","background-attachment":"scroll","background-type":"","background-media":"","overlay-type":"","overlay-color":"","overlay-opacity":"","overlay-gradient":""},"tablet":{"background-color":"","background-image":"","background-repeat":"repeat","background-position":"center center","background-size":"auto","background-attachment":"scroll","background-type":"","background-media":"","overlay-type":"","overlay-color":"","overlay-opacity":"","overlay-gradient":""},"mobile":{"background-color":"","background-image":"","background-repeat":"repeat","background-position":"center center","background-size":"auto","background-attachment":"scroll","background-type":"","background-media":"","overlay-type":"","overlay-color":"","overlay-opacity":"","overlay-gradient":""}},"ast-content-background-meta":{"desktop":{"background-color":"var(--ast-global-color-4)","background-image":"","background-repeat":"repeat","background-position":"center center","background-size":"auto","background-attachment":"scroll","background-type":"","background-media":"","overlay-type":"","overlay-color":"","overlay-opacity":"","overlay-gradient":""},"tablet":{"background-color":"var(--ast-global-color-4)","background-image":"","background-repeat":"repeat","background-position":"center center","background-size":"auto","background-attachment":"scroll","background-type":"","background-media":"","overlay-type":"","overlay-color":"","overlay-opacity":"","overlay-gradient":""},"mobile":{"background-color":"var(--ast-global-color-4)","background-image":"","background-repeat":"repeat","background-position":"center center","background-size":"auto","background-attachment":"scroll","background-type":"","background-media":"","overlay-type":"","overlay-color":"","overlay-opacity":"","overlay-gradient":""}},"footnotes":""},"class_list":["post-451","page","type-page","status-publish","hentry"],"uagb_featured_image_src":{"full":false,"thumbnail":false,"medium":false,"medium_large":false,"large":false,"1536x1536":false,"2048x2048":false},"uagb_author_info":{"display_name":"RafaelSevilla","author_link":"https:\/\/esfericapruebas.site\/index.php\/author\/rafaelsevilla\/"},"uagb_comment_info":0,"uagb_excerpt":"Rigor jur\u00eddico, visi\u00f3n estrat\u00e9gica y trato directo. Swing Legal nace con la vocaci\u00f3n de ofrecer un asesoramiento jur\u00eddico especializado, orientado [&hellip;]","jetpack_sharing_enabled":true,"_links":{"self":[{"href":"https:\/\/esfericapruebas.site\/index.php\/wp-json\/wp\/v2\/pages\/451","targetHints":{"allow":["GET"]}}],"collection":[{"href":"https:\/\/esfericapruebas.site\/index.php\/wp-json\/wp\/v2\/pages"}],"about":[{"href":"https:\/\/esfericapruebas.site\/index.php\/wp-json\/wp\/v2\/types\/page"}],"author":[{"embeddable":true,"href":"https:\/\/esfericapruebas.site\/index.php\/wp-json\/wp\/v2\/users\/1"}],"replies":[{"embeddable":true,"href":"https:\/\/esfericapruebas.site\/index.php\/wp-json\/wp\/v2\/comments?post=451"}],"version-history":[{"count":4,"href":"https:\/\/esfericapruebas.site\/index.php\/wp-json\/wp\/v2\/pages\/451\/revisions"}],"predecessor-version":[{"id":475,"href":"https:\/\/esfericapruebas.site\/index.php\/wp-json\/wp\/v2\/pages\/451\/revisions\/475"}],"wp:attachment":[{"href":"https:\/\/esfericapruebas.site\/index.php\/wp-json\/wp\/v2\/media?parent=451"}],"curies":[{"name":"wp","href":"https:\/\/api.w.org\/{rel}","templated":true}]}}